{"id":43467,"date":"2025-02-27T14:23:24","date_gmt":"2025-02-27T17:23:24","guid":{"rendered":"https:\/\/elquintopecado.cl\/demo\/?post_type=product&#038;p=43467"},"modified":"2025-03-06T18:53:56","modified_gmt":"2025-03-06T21:53:56","slug":"merengue-lucuma","status":"publish","type":"product","link":"https:\/\/elquintopecado.cl\/demo\/product\/merengue-lucuma\/","title":{"rendered":"Merengue l\u00facuma"},"content":{"rendered":"","protected":false},"excerpt":{"rendered":"<p>Merengue l\u00facuma, crema de l\u00facuma.<\/p>\n","protected":false},"featured_media":0,"comment_status":"open","ping_status":"closed","template":"","meta":[],"product_brand":[],"product_cat":[295],"product_tag":[],"class_list":{"0":"post-43467","1":"product","2":"type-product","3":"status-publish","5":"product_cat-tortas-heladas","7":"first","8":"instock","9":"shipping-taxable","10":"purchasable","11":"product-type-variable"},"_links":{"self":[{"href":"https:\/\/elquintopecado.cl\/demo\/wp-json\/wp\/v2\/product\/43467","targetHints":{"allow":["GET"]}}],"collection":[{"href":"https:\/\/elquintopecado.cl\/demo\/wp-json\/wp\/v2\/product"}],"about":[{"href":"https:\/\/elquintopecado.cl\/demo\/wp-json\/wp\/v2\/types\/product"}],"replies":[{"embeddable":true,"href":"https:\/\/elquintopecado.cl\/demo\/wp-json\/wp\/v2\/comments?post=43467"}],"wp:attachment":[{"href":"https:\/\/elquintopecado.cl\/demo\/wp-json\/wp\/v2\/media?parent=43467"}],"wp:term":[{"taxonomy":"product_brand","embeddable":true,"href":"https:\/\/elquintopecado.cl\/demo\/wp-json\/wp\/v2\/product_brand?post=43467"},{"taxonomy":"product_cat","embeddable":true,"href":"https:\/\/elquintopecado.cl\/demo\/wp-json\/wp\/v2\/product_cat?post=43467"},{"taxonomy":"product_tag","embeddable":true,"href":"https:\/\/elquintopecado.cl\/demo\/wp-json\/wp\/v2\/product_tag?post=43467"}],"curies":[{"name":"wp","href":"https:\/\/api.w.org\/{rel}","templated":true}]}}